1) is divided by h?
17
Let l(z) = 22*z + 375. Let s(v) = -2*v + 3*v - 4*v - 2*v**3 + 4*v - 2. Calculate the remainder when l(-16) is divided by s(-2).
11
Let t = -628 + 1051. Let x = 717 - t. Suppose -7*r + x = -0*r. What is the remainder when 82 is divided by r?
40
Let a(s) = -s**3 + 18*s**2 + s. Suppose 51 = 3*b - 3. Let d be a(b). Let c = d + -6. Calculate the remainder when 41 is divided by c.
5
Suppose 13*i - 3 = 16*i, 5*i = -2*p - 13. Calculate the remainder when (-78 + 2 + 2)*(p + 3) is divided by 26.
22
Let b = 28686 + -28663. What is the remainder when 6710 is divided by b?
17
Let q = 11895 - 11476. What is the remainder when 862 is divided by q?
24
Suppose 3*c = -9*c + 156. Suppose -5*b + 20 + c = -2*q, 0 = -5*b + 25. What is the remainder when 5 is divided by 2/(-8)*q + 3?
1
Suppose -4*g + 4*d + 4 = 0, -2*g - 2*d - 2 = 3*g. Suppose g = -2*j - 2*j + 168. Calculate the remainder when j is divided by 4/(-26) - -7*5516/2548.
12
Suppose 515 = 100*n - 95*n. Suppose 3*b - n - 110 = 0. What is the remainder when 279 is divided by b?
66
Let o(l) = l**3 + 13*l**2 - 50*l + 35. What is the remainder when o(-16) is divided by 21/2 + (-4)/8?
7
Suppose 21 = n + 1. Suppose 2*h - 730 = -2*d, -2394 + 2857 = h - 6*d. What is the remainder when h is divided by n?
19
Let w = -59 - -113. Let o(x) = x**3 + x**2 - 9*x + 261. What is the remainder when w is divided by o(-7)?
24
Let m(u) = 101 + 6*u - 121 + 11*u - 24*u. Let s be ((-1)/2)/(2/20). Calculate the remainder when 73 is divided by m(s).
13
Suppose z = 5*l - 1480, -3*l + 13*z - 14*z + 880 = 0. Calculate the remainder when l is divided by 161.
134
Suppose v = -3*s + 687, 1125 = 5*s - 40*v + 35*v. Calculate the remainder when 5699 is divided by s.
227
Let k = 25 - 23. Suppose 84 = k*o - 260. Let n(a) = a**3 + 33*a**2 - a + 11. Calculate the remainder when o is divided by n(-33).
40
Let i(v) = 36 + 11 - 11 + 3*v + 6. What is the remainder when 2*(-12)/8 - -46 is divided by i(-6)?
19
Suppose 2 + 8 = -5*x, 0 = 4*a - x - 10. Suppose -q = 4*y - y - 110, 3*y + a*q = 112. Calculate the remainder when 88 is divided by y.
16
Let p(x) = 3*x + 6. Let d be p(-3). Let u = 7 + d. Suppose -4*k + 27 = z, 5*z - 26 = u*z - 5*k. What is the remainder when 119 is divided by z?
26
Let u = 92 + 40. Calculate the remainder when u is divided by 124.
8
Let z be 3*3/((-6)/(-4)). Suppose -m - z = -60. Calculate the remainder when m is divided by -6 - ((-242)/11 - -8).
6
Let g(r) = 5*r - 2. Suppose s + 238 = 4*h, 0 = h + 4*s - 67 - 35. Calculate the remainder when h is divided by g(2).
6
Let b = 159 - 156. Let q = 244 + -218. What is the remainder when q is divided by b?
2
Suppose -17*s + 34694 = -41483. What is the remainder when s is divided by 15?
11
Suppose 4*k = -7*k + 66. Calculate the remainder when 430 is divided by ((-2)/k)/(2/(-288)).
46
Let p(i) = 41*i**2 + 3*i - 15. Let q be p(-4). Suppose -3*k + q - 347 = 0. Calculate the remainder when 375 is divided by k.
93
What is the remainder when 389 is divided by (-4 - 4)*((-2)/(-16))/((-9)/207)?
21
Calculate the remainder when (-32)/(-1520)*-5 + 6405/19 - 0 is divided by 56.
1
Suppose 189*t = 181*t + 3000. Let b = 425 - t. Let o(f) = f**2 + 7*f + 5. Calculate the remainder when b is divided by o(-8).
11
Let m(c) = -102*c**3 - c**2 - c. Let b be m(-1). Let i(x) = 5*x**2 - 8*x - 30. Calculate the remainder when i(-7) is divided by -1*b/(-4 - -1).
33
Let s(t) = 15*t**2 + 7*t - 3. Let u = 556 + -542. What is the remainder when s(-3) is divided by u?
13
Calculate the remainder when 103*(-11 - (-8 - 12)) is divided by 60.
27
Let n be (96/(-45) - -2) + (-18235)/(-75). What is the remainder when 286 is divided by (18/45)/(-2 + n/120)?
14
Let w = 2124 - 1377. What is the remainder when w is divided by 15?
12
Let g be (-149)/(-21) + (-70)/735. Suppose -j = g*j - 160. What is the remainder when 397 is divided by j?
17
Calculate the remainder when (-684 + -104)/((-3)/(9/12) - -2) is divided by 137.
120
Calculate the remainder when 141 is divided by 52*(-84)/(-240)*5.
50
Let u(d) = 6*d**2 - 123*d - 1001. Calculate the remainder when u(-10) is divided by 4.
1
Let u be 85 + 3 + -3 + -1 + 2. Suppose 0 = -r - u - 21. Calculate the remainder when r/1*(-15 - -14) is divided by 37.
33
Let t = 23801 + -23751. Calculate the remainder when 1793 is divided by t.
43
Suppose -527*o = -536*o + 7866. What is the remainder when o is divided by 80?
74
Suppose 22*o - 377 - 304 - 331 = 0. What is the remainder when 1071 is divided by o?
13
Suppose 3*r - y - 6851 = 0, r + 3*y - 1180 - 1097 = 0. What is the remainder when r is divided by 53?
4
Suppose -50 = -2*p + 14. Let b be (-163 + -3)*-3 + 5. Let l = b + -282. What is the remainder when l is divided by p?
29
Suppose 16*p = 34*p + 846. Let o = p - -63. What is the remainder when o is divided by 8?
0
Let z = 562 + -556. Let g = -27 + 40. Suppose g*a - 15*a = -28. Calculate the remainder when a is divided by z.
2
Let s(g) = g**2 + 15*g - 50. Let q be s(-18). Suppose -q*t - 5*l + 0 = -4, l + 4 = 0. Calculate the remainder when 10 is divided by t.
4
Suppose 3*g - 127 = -3*u + 38, 5*g = -2*u + 284. Calculate the remainder when 3479 is divided by g.
57
Suppose -2*h - 3*k = -247, -2*h - 16*k + 255 = -21*k. What is the remainder when 354 is divided by h?
104
Calculate the remainder when 21657 is divided by 23 + -20 - -13 - -82.
97
Let s = 1539 - 1499. What is the remainder when 662 is divided by s?
22
Let n(b) = -1420*b - 2638. What is the remainder when n(-2) is divided by 73?
56
Suppose -2*j + 0*j = -70. Suppose -5*l - 8*s + j = -3*s, s - 2 = 0. Let t(b) = 12*b - 13. What is the remainder when t(l) is divided by 7?
5
Calculate the remainder when 272 is divided by 5*570/50 + (16 - 17).
48
Let s be 2*-2*(-100)/16 + 2. Calculate the remainder when (234/s)/(3/((-18)/(-4))) is divided by 5.
3
Suppose -3*p = -34*p - 199 + 695. Suppose 4*n = 58 + 194. What is the remainder when n is divided by p?
15
Let f = 211819 - 211763. What is the remainder when 418/4 - 2/(-4) is divided by f?
49
Let l(h) be the first derivative of h**2/2 + 36*h + 90. Calculate the remainder when l(-13) is divided by 13.
10
Suppose 26*t = 25*t + 2. Suppose -324 = -6*j + t*j. Suppose 180 = -31*c + 46*c. Calculate the remainder when j is divided by c.
9
Let x(r) = 50*r - 22 + 5*r**2 - 23*r - 9*r. Let a(d) = -d**2 + d. Let q(w) = -4*a(w) - x(w). Calculate the remainder when q(-12) is divided by 36.
34
Let h be 148/52 - 16/(-104). Suppose -4*m + 5*x + 0*x = -272, -h*m + 5*x = -204. What is the remainder when m is divided by 55?
13
Let i(d) be the third derivative of d**5/60 + d**4/8 - 3*d**3 - 8*d**2. Let p be i(-8). Calculate the remainder when 4/(-22) + 422/p is divided by 6.
1
Let d(k) = 2*k**2 - 67*k + 1341. Calculate the remainder when d(30) is divided by 58.
29
Suppose 4*f + 2*w - 4*w - 506 = 0, 3*f = -3*w + 393. Calculate the remainder when 362 is divided by f.
106
Let v = -22656 + 22686. What is the remainder when 5170 is divided by v?
10
Let g = 4707 + -3791. What is the remainder when g is divided by 50?
16
Let z(x) = x + 20. Let t be z(-5). Suppose p = -t + 30. Let o = -76 + 120. Calculate the remainder when o is divided by p.
14
Suppose m - 64*x = -61*x + 66, 0 = 4*m + x - 186. Calculate the remainder when 499 is divided by m.
19
Calculate the remainder when 142545/306 - (-1)/6 is divided by 79.
71
Let f = 1199 - 1167. Suppose -131 = -4*i + 3*i. Let l = -8 + i. Calculate the remainder when l is divided by f.
27
Let a = 55 + -26. Calculate the remainder when a is divided by ((-14580)/2025)/((-36)/80).
13
Let k(c) = -23*c - 273. Let n = -339 + 326. What is the remainder when 86 is divided by k(n)?
8
Suppose a = h - 78 - 32, 3*h = -4*a - 440. Let f = -98 - a. Suppose 0 = -3*d - f + 15. What is the remainder when 5 is divided by d?
0
Let x be -2 - (-41 + 1/(-1)). Suppose -z - 113 = 4*o, 5*o + 13*z = 11*z - 139. Let t = x + o. What is the remainder when 129 is divided by t?
8
Let i = 119 + -125. Let u be i/21 + 0 - (-354)/14. Calculate the remainder when 126 is divided by u - (5 - 2 - 4).
22
Let c be (2 + 0)*19/38. Calculate the remainder when 449 is divided by (-2632)/(-60) + c + (-8)/(-60).
44
Let t = -356 - -354. Let z(x) = 4*x**2 - 5*x - 1. Calculate the remainder when 88 is divided 